1 + 86 - (-3 + 57).
-29
Evaluate 31 - (-1 + (-4 - (-18 + 19))).
37
Calculate -7 - (3 + -4) - (-86 + 92) - 34.
-46
What is the value of 44 + -19 + -20 + 10 + -2 + -21?
-8
Calculate 5 + (-53 + 33 + 31 - (5 + -2 + 13)).
0
What is the value of 12 + -1 - (-30 + 43 + -3)?
1
Calculate 9 - (35 - (0 - 10)) - (-2 + -8).
-26
Calculate (15 - (-43 - -5) - 97) + 8 + (2 - 0).
-34
Evaluate -9 - 0 - (7 + -2 + (40 - 62)).
8
Evaluate 13 - ((1 - 2) + -8 + 17) - -25.
30
Evaluate -6 - -7 - (132 + -99) - -20.
-12
Calculate 18 - (-106 + 170 + -48).
2
Calculate -31 + 16 + (-17 - (-10 - 7)).
-15
4 + 9 + -4 + 27 - (-1 - 5 - -13)
29
What is the value of -25 - (-58 + -29 + 46)?
16
What is (35 - (36 - 25)) + (-2 - (-14 + -1))?
37
Calculate 88 - (105 - (48 - 21)).
10
(15 - (10 + -13 + 19 - 6)) + -43 + 10
-28
What is 91 + -2 - ((-22 - 45) + 106)?
50
Calculate -2 + -10 - (-106 - (-208 - -114) - (2 - 20)).
-18
What is the value of (-33 + 27 - -33) + -99?
-72
Evaluate -7 + -81 + 23 + -4 - (-25 - -18).
-62
Calculate -90 - -177 - (23 + 2).
62
Evaluate -28 - -47 - (-6 - (2 - 1)).
26
What is -66 + -5 + (-5 - (-15 - 1)) + 1?
-59
Calculate 54 + 8 + 2 + -16.
48
What is the value of 17 + (-46 - (-28 - -13)) + 2?
-12
77 - (12 - -10 - 11) - (2 - (0 - 3))
61
Calculate 6 + -9 - -55 - 75.
-23
(1 - (-20 - 6)) + (-90 + 81 - (-1 - 13))
32
Calculate -16 + 55 + -45 - (0 + -65).
59
What is the value of -85 + (130 - 79) + 111?
77
Calculate 2 - 13 - ((-43 - -89 - 40) + (34 - 1)).
-50
(-35 - 11) + 7 - (10 - 13) - (-4 - 2)
-30
8 + 39 + -64 + -20 + 0
-37
(85 - -4) + 39 + -200
-72
Calculate 25 + (19 - 0) + 141 + -159.
26
What is the value of -184 - -194 - (-46 + (-1 + 3 - (4 - 9)))?
49
What is 12 - (-57 - -46 - (-6 + 3 - -5))?
25
19 + 1 + -83 - -50
-13
Calculate -1 - -6 - (69 - 73 - (-61 + -3 + 0)).
-55
-53 + 22 - (-131 - -97)
3
Calculate -1 + -6 + (-23 - -12) + -5 + 52.
29
Evaluate (-71 - (-1 - 4)) + 79 + -92 + 4.
-75
30 + -123 + 96 - 51
-48
Calculate (1 + 12 - (3 + 42 + -33)) + 3.
4
(16 - (-9 - (-17 + 17))) + 33
58
What is the value of (1 - -13) + -19 + -67 + 108?
36
Calculate (-4 + -1 - ((-10 - -50) + -46)) + -8.
-7
(-24 - ((-51 - -10) + 6)) + (-95 - -6)
-78
What is 51 + (91 - 224) - 13?
-95
Calculate -42 + 14 + -65 + 49 + -17.
-61
What is 16 - 2 - ((1 - -1) + (-5 - 0))?
17
Calculate 2 + -15 + -19 + 38 - -10 - 99.
-83
Calculate 22 + (13 - (-20 + -37 + 45)).
47
Evaluate 22 + (39 + 9 - 57) + (-93 - 2).
-82
-28 + -21 + 80 - (1 + -4)
34
What is 34 - (38 + -61) - (12 - -2)?
43
Calculate (-6 - (-11 - -7)) + 13 + 4 + -78.
-63
(-145 - -382 - 165) + 0 + 1 + 7
80
What is 107 + -84 + (-5 + -62 - 2)?
-46
12 - 28 - (-73 + -1 + 423 + -422)
57
Calculate -5 + -77 + -5 + 81.
-6
What is -2 - (4360 - 4365 - (-50 + -2 + (-1 - -3)))?
-47
What is the value of -37 + (37 - 49) + 146?
97
What is the value of (55 - 74) + 78 + -113?
-54
What is the value of (-89 - (44 - -34)) + 84?
-83
What is the value of 8 + (-208 - -131) + -8 + 18?
-59
Evaluate -187 - -195 - (-4 - (-45 - (6 - -1))).
-40
What is -343 + 342 + (-13 - -2)?
-12
Calculate (-6 + 43 - -7) + (-11 - (4 - (-6 + 10))).
33
What is the value of 17 + 9 - (16 + (31 - 54))?
33
What is the value of (1 + 1 - -6) + -15 + -8 + 43 + -57?
-29
What is -94 + -196 + 128 + 216?
54
Calculate 51 + -27 + -12 + (15 - 7).
20
(-9 + 48 - 37) + -38
-36
What is 3 - 5 - (-1 + 23) - (16 + -21)?
-19
What is the value of -6 + -2 + -5 + (6 - (46 - -2))?
-55
What is the value of (-242 - -256) + -4 + 22?
32
What is the value of (14 + (-13 - -3 - -5) - -79) + 22?
110
What is -11 - ((8 - 5) + 8 + (52 - 39))?
-35
What is -191 - -139 - (23 - 116)?
41
Calculate -44 + (-36 - 76 - -53).
-103
Evaluate -117 + -19 + 13 + (4 - -19).
-100
-6 + 0 + (-66 - -110 - ((8 - 4) + 14))
20
What is the value of (33 - 47) + (-42 - (5 + -14 + 8))?
-55
Calculate -15 - (3 + (-13 - -28)) - -19 - 20.
-34
What is the value of -10 - ((265 - 268) + (-1 - 66) + (-3 - -5))?
58
What is the value of -11 - (68 + -6 + -31 + 24 + (0 - -19))?
-85
What is the value of (-111 - (-65 - -78)) + 52?
-72
What is the value of (-14 - -13 - -125) + -92?
32
What is the value of 599 - 636 - (-13 + -7 + -6)?
-11
Evaluate 23 - (-2 - -18) - (-4 + -8 + 5).
14
-5 - 30 - (112 - 20) - -35
-92
What is 0 - 47 - (-182 + 165)?
-30
What is -2 + -1 - -9 - (-759 + 742)?
23
Calculate -24 + 11 + (-22 + 76 - 4) + (13 - 0).
50
8 + (-5 - -3 - 0) + -8 + (3 - 0)
1
What is the value of (-20 - (-75 + 47)) + -13?
-5
Evaluate 1 - (19 + 16 - 48).
14
Evaluate (1 - 22) + 13 + -1 + (-3 - 3) + -7.
-22
What is (15 - 26) + (-13 - -1) + 7?
-16
Calculate 7 + (-89 - 0) + 47.
-35
What is the value of (59 - 89) + -9 - (1 - (10 + 4))?
-26
Calculate (-29 - -76 - 126) + 141.
62
-47 - (-6 - 47) - (1 - 28 - -2)
31
83 + (-52 + 25 - -20 - 13)
63
44 + -60 - (0 - (31 + -1)) - 73
-59
6 + -1 + (2 - -17 - (83 + -71))
12
What is the value of 6 + (90 + -47 - 68)?
-19
-302 - (417 + -721) - (-1 + -26)
29
Evaluate (7 - (12 + (-17 - 0) - -88)) + -16.
-92
Calculate 50 + -22 + -8 + (28 - 4).
44
Evaluate 89 - (4 + 3 - 25 - -47).
60
Calculate 0 + (-3 - 35) - (-107 + 31).
38
What is the value of -9 + (4 - (0 + 27)) + -7?
-39
What is -21 + (5 - -21) + -30 + -7?
-32
What is the value of 84 + (-19 + 6 + -5 - 1)?
65
(-29 - (-43 - -18) - (-11 - 4)) + 71
82
Calculate -146 + (-4 - -89) + (1 - -23).
-37
What is 9 + -6 + 3 + 7 - (-50 + (-8 - -9))?
62
(76 - 63 - (0 - 5)) + -15 - (16 + -2)
-11
What is 43 + ((38 - -42) + 17 - 46)?
94
-22 - (-9 + (96 - (-23 + 39)))
-93
What is the value of ((15 - 22) + -10 - 15) + 1 + 11?
-20
What is (67 - -22) + -2 + -49?
38
Calculate (16 + -24 - ((1 - 3) + 39)) + -8 - -5.
-48
Calculate 29 + (-19 - (6 - -2) - -13).
15
Evaluate (-31 - 26 - -3) + 44 + (-80 - 1).
-91
Evaluate -64 + 30 + -74 + -10.
-118
Evaluate 718 + -720 + (-11 - (3 + -1)).
-15
What is -7 + -7 + 6 + (-11 - -5) + -9 + -7?
-30
Calculate -18306 - -18332 - (2 + -1 + -1 + 1 + 2).
23
What is the value of 2 + (0 - -33) - (63 + -56 - 11)?
39
What is the value of -145 + 7 + 87 + -46?
-97
What is 31 + -17 + -73 + 50?
-9
199 + -163 - (0 + -1 + (-3 - -6) + 8)
26
Calculate 0 + ((-1 - -11) + -8 + -15 + 9 - -38).
34
What is -2 - (7 - (-3 - (22 - (9 - -3)) - -18))?
-4
Calculate 3 + 0 - -10 - (-225 + 236) - 36.
-34
Calculate 9 + -3 + (-12 - (-3 + -6 - -4)).
-1
Evaluate -5 + 30 + -4 + -242 + 222.
1
What is -2 + -30 + 3 + (-8 - -20)?
-17
Evaluate 6 + (-43 - -17) + 14 - -15.
9
What is (-51 - (125 + -73)) + (6 - 0 - 15)?
-112
What is 16 + -16 + -2 - (-14 + -17 + -6)?
35
0 + -3 + 146 + -148 + (8 - -59 - 1)
61
What is the value of 0 + -15 + 0 - (-481 - -433)?
33
What is the value of (55 - 231) + 68 + 0 + -15?
-123
Calculate 2 + -8 + (-43 - 2 - 3).
-54
What is the value of -926 + 916 - (-61 - 0)?
51
Evaluate 65 + (-70 - -69 - 68).
-4
What is 100 - 94 - (32 + 0) - -6 - -13 - -52?
45
What is 35 - -16 - (-2 - -20 - (-12 - -14))?
35
Calculate -2 + 2 + (-124 - 1) + -144 + 140.
-129
What is -43 + -1 - (58 - 133 - -75)?
-44
Evaluate 622 + -641 + (-1 - 0 - 32).
-52
What is the value of -13 + (-3 - (-14 + 8)) + 14 + -5 - 4?
-5
Calculate 72 - -6 - (95 - 120).
103
Calculate 110 - 13 - ((34 - 27) + 14).
76
-29 - -5 - (198 - 248)
26
What is the value of 0 + 20 + -25 + (54 - -38)?
87
What is -119 + (64 - -1) + 16?
-38
What is the value of (7 - -41) + -91 - -58 - (1 + -94 - 0)?
108
Evaluate -157 + 95 + (127 - 193).
-128
Calculate 143 + (-57 - (10 - -95)).
-19
What is the value of (44 + 35 - 144) + 81?
16
What is 0 - -10 - (-1543 - -1534)?
19
What is (9 - (12 + -6)) + -9 + 2 - (12 + 5)?
-21
Calculate -316 + 297 + 44 - (-45 + 0).
70
Calculate (-15 - -4) + -36 + (-17 + 26 - 6).
-44
(-9 - (93 - 4)) + 1
-97
Evaluate -45 + 12 + 51 + (-41 - 1).
-24
What is the value of (21 - 50) + 30 + -34 + 0 + -4?
-37
Calculate -4 - (106 - (-13 + 33 + -4) - 16).
-78
What is the value of 21 - -4 - -5 - 5?
25
(1 + 0 - (-1 - 74)) + (18 - -43) + -48
89
Calculate 59 + (5 - ((2 - -17) + 12)) + 12.
45
Calculate (22 + -9 - (2 + 10 + 2)) + 0 + -11.
-12
What is -89 + 93 - ((-8 - 1) + 2)?
11
What is the value of 20 - (-1 + -2 + -1 + -23 + 9 + 11)?
27
(0 - (-10 + -12)) + -12 + 11
21
Evaluate -1 + -34 - 12 - (16 + 11 + -36).
-38
What is the value of 23 + (71 - 31) + -56?
7
Evaluate 33 - (-57 + -20) - 52.
58
Calculate 2 - -14 - 7 - (-5 - 32).
46
-25 + (21 - (47 + -120))
69
Evaluate 115 + 14